*2 + 50293*c + 756. Determine q(-102).
42
Let t(h) = -2*h**2 - 3536*h - 314880. Calculate t(-94).
-168
Let v(z) = -z**2 + 35296*z + 211794. Determine v(-6).
-18
Let p(s) = 1210*s + 245638. Give p(-203).
8
Let h(z) = -3769*z + 897059. Determine h(238).
37
Let k(y) = 4*y**2 - 983*y + 7644. Calculate k(8).
36
Let o(i) = 3*i**3 + 560*i**2 + 5*i - 516. What is o(0)?
-516
Let d(b) = -274*b + 16882. What is d(50)?
3182
Let z(h) = 2430*h**2 - 349926*h + 871. Determine z(144).
7
Let k(m) = -3*m**3 + 824*m**2 - 12185*m + 3120. Give k(259).
12
Let b(n) = -2*n**2 - 73*n - 249. Calculate b(-31).
92
Let x(u) = -19204*u + 1267455. Calculate x(66).
-9
Let u(z) = 5*z**2 - 674*z - 213. Determine u(135).
-78
Let p(k) = -k**2 + 169*k - 5987. Determine p(55).
283
Let v(a) = -38*a**2 + 191*a + 2474. What is v(11)?
-23
Let u(d) = -21*d**2 - 278*d + 4. What is u(-14)?
-220
Let y(h) = -h**3 - 862*h**2 - 862*h - 852. Calculate y(-861).
9
Let s(h) = h**3 - 125*h**2 + 347*h + 2050. What is s(122)?
-268
Let u(m) = -270*m + 5477. Calculate u(21).
-193
Let u(g) = 19*g**3 + 568*g**2 - 656*g - 142. Give u(-31).
13
Let l(a) = -2*a**2 - 1256*a - 8634. Give l(-7).
60
Let l(b) = 736764*b - 1473527. Give l(2).
1
Let l(i) = -3*i**3 + 76*i**2 - 341*i + 4. Determine l(20).
-416
Let t(w) = 17572*w + 123007. What is t(-7)?
3
Let y(l) = -3*l**2 - 25668*l - 128328. Calculate y(-5).
-63
Let p(u) = -218*u - 2186. Give p(-12).
430
Let t(s) = -3*s**2 + 8455*s - 16908. Calculate t(2).
-10
Let d(p) = -2927*p + 8314. Give d(3).
-467
Let i(j) = 1801460*j + 25220434. Give i(-14).
-6
Let n(y) = 731143*y + 731192. What is n(-1)?
49
Let y(t) = -80872*t - 2345267. Calculate y(-29).
21
Let c(y) = -9*y**3 + 267*y**2 - 178*y + 146. Give c(29).
30
Let h(g) = 4*g**3 + 10*g**2 - 54*g + 186. Determine h(-12).
-4638
Let b(o) = 4*o**2 - 265*o + 2806. Give b(11).
375
Let h(o) = o**3 + 52*o**2 - 2460*o + 36. Give h(-82).
36
Let z(b) = -608*b + 1500. Give z(4).
-932
Let z(p) = -3*p**2 - 71*p - 93. Give z(0).
-93
Let m(h) = -15*h**2 - 369*h + 5860. Determine m(11).
-14
Let r(n) = 16*n**2 + 114*n - 931. What is r(-14)?
609
Let j(l) = -15442*l - 138925. Determine j(-9).
53
Let o(r) = r**2 + 316*r + 18323. Give o(-213).
-3616
Let n(w) = 196*w**2 + 1184*w - 39. Calculate n(-6).
-87
Let j(c) = -16844*c + 1195936. Determine j(71).
12
Let v(r) = -360*r - 12185. Give v(-44).
3655
Let g(n) = -3*n**2 - 70*n + 32. Determine g(-24).
-16
Let g(p) = p**3 + 130*p**2 - 1782*p - 183935. Determine g(-133).
4
Let g(o) = -2*o**2 + 1048*o - 76003. What is g(437)?
35
Let m(o) = 7394*o - 4968770. Calculate m(672).
-2
Let i(y) = -y**3 - 93*y**2 - 2134*y + 20. Give i(-41).
102
Let w(v) = 143*v + 2038. Determine w(-14).
36
Let n(z) = z**3 - 48*z**2 - 587*z - 41. Give n(-10).
29
Let f(c) = -157*c - 1801. Give f(-14).
397
Let f(g) = -4223*g**2 - 126692*g - 81. Give f(-30).
-21
Let m(s) = -2*s**3 - 7*s**2 + 662*s + 4706. Give m(-8).
-14
Let x(v) = -87246*v - 1221450. Give x(-14).
-6
Let c(u) = -u**2 - 1810*u - 103219. Determine c(-59).
90
Let z(q) = -53*q + 2960. Determine z(79).
-1227
Let l(b) = 20494*b - 61402. Calculate l(3).
80
Let s(d) = -3834*d - 1372587. What is s(-358)?
-15
Let f(n) = 250*n + 6655. Determine f(-24).
655
Let g(j) = j**3 - 79*j**2 + 1015*j - 65. Calculate g(16).
47
Let a(b) = b**3 + 39*b**2 - 78*b + 280. What is a(-41)?
116
Let l(z) = z**2 - 311*z - 2866. Determine l(-8).
-314
Let r(u) = -2*u**2 - 34*u + 215. What is r(-18)?
179
Let n(v) = 2*v**3 - 16*v**2 - 553*v + 1285. What is n(20)?
-175
Let n(j) = 16804*j + 453701. Calculate n(-27).
-7
Let t(c) = -14*c**2 + 1573*c + 4728. Calculate t(-3).
-117
Let z(a) = a**2 + 48*a + 341. Calculate z(-31).
-186
Let i(y) = y**3 - 298*y**2 + 175*y + 36226. Calculate i(297).
-8
Let o(u) = -1100*u + 2124. Give o(2).
-76
Let y(l) = -2*l**2 + 2178*l - 552912. Calculate y(686).
4
Let l(i) = 307*i - 2155. What is l(7)?
-6
Let v(d) = 8542*d - 392904. Calculate v(46).
28
Let f(v) = 238*v**2 + 378*v + 4. What is f(1)?
620
Let m(a) = 41*a + 3689. Calculate m(-94).
-165
Let l(j) = 11*j**2 - 433*j + 574. What is l(38)?
4
Let l(k) = -8103*k + 40517. Calculate l(5).
2
Let o(j) = -2*j**2 - 3436*j - 332689. What is o(-103)?
1
Let t(o) = 2531*o**2 + 5068*o + 19. Determine t(-2).
7
Let m(k) = 67*k**2 + 468*k + 396. What is m(-6)?
0
Let g(d) = -135980*d + 951860. Determine g(7).
0
Let z(t) = -2*t**3 - 669*t**2 - 4299*t - 11501. Give z(-328).
-21
Let o(f) = -172948*f - 18851326. Give o(-109).
6
Let f(r) = 3*r**3 + 1115*r**2 + 1057*r + 116832. Calculate f(-371).
-33
Let s(u) = -7128*u - 57033. Give s(-8).
-9
Let t(l) = -994*l**3 - 49*l**2 + 24*l + 24. Give t(1).
-995
Let j(f) = -f**3 - 299*f**2 - 3228*f - 79. Determine j(-11).
581
Let h(t) = 501*t + 69451. Determine h(-139).
-188
Let o(u) = -u**3 + 51*u**2 + 121*u - 496. Determine o(53).
299
Let t(p) = p**3 + 192*p**2 + 1648*p + 250. What is t(-183)?
67
Let m(t) = -146*t + 9047. Give m(62).
-5
Let l(n) = 1394*n**2 - 150545*n - 703. Give l(108).
53
Let o(h) = 7*h**3 + 50*h**2 - 154*h - 160. Calculate o(4).
472
Let o(j) = j**2 + 7551*j - 151384. Give o(20).
36
Let u(g) = g**2 + 1221*g + 79515. Calculate u(-69).
27
Let z(r) = -r**2 - 11724*r - 9132522. What is z(-839)?
-7
Let a(p) = 246*p + 53337. What is a(-222)?
-1275
Let y(z) = -60*z**2 - 9339*z + 31959. What is y(-159)?
0
Let v(f) = 6*f**2 - 4199*f - 201090. Calculate v(-45).
15
Let h(w) = 9*w**2 + 1223*w + 1266. Determine h(-135).
186
Let x(c) = -40*c**2 + 6062*c + 3019. Calculate x(152).
283
Let k(u) = -u**3 - 98*u**2 + 35*u + 3422. Give k(-98).
-8
Let z(w) = 739*w - 398365. Give z(539).
-44
Let z(t) = -48215*t - 916079. Determine z(-19).
6
Let n(t) = -2*t**2 - 315*t - 3813. Determine n(-144).
75
Let s(j) = 6*j**3 + 119*j**2 - 52*j - 404. What is s(-21)?
-2399
Let l(u) = -u**2 - 431*u + 61611. Calculate l(113).
139
Let g(o) = -549*o - 143252. Give g(-261).
37
Let j(g) = 39129*g - 79294. Determine j(2).
-1036
Let d(p) = p**3 + 23*p**2 - 386*p - 9. Determine d(11).
-141
Let t(l) = 706*l**2 + 20471*l + 31. Calculate t(-29).
118
Let q(p) = 28*p**2 + 2877*p + 4937. Give q(-101).
-12
Let z(c) = -3*c**2 - 9674*c - 708663. Calculate z(-75).
12
Let o(x) = -1970*x + 29545. Determine o(15).
-5
Let m(r) = -4*r**2 + 3063*r + 98794. Determine m(-31).
-3
Let u(c) = -351*c**2 + 1770*c - 6. Determine u(5).
69
Let x(k) = 3*k**3 - 379*k**2 + 11855*k + 2032. Determine x(58).
2
Let g(y) = -13*y**3 + 4010*y**2 - 1882*y + 10520. Determine g(308).
48
Let u(d) = -d**3 - 100*d**2 - 2429*d - 415. Give u(-42).
-709
Let y(l) = 5606*l - 84082. What is y(15)?
8
Let a(l) = -9*l**2 - 4026*l - 48312. What is a(-12)?
-1296
Let b(v) = -28209*v - 281980. Determine b(-10).
110
Let v(f) = 16*f**2 + 220*f - 68. Determine v(0).
-68
Let d(j) = -12*j**2 + 1144*j - 7273. Calculate d(7).
147
Let d(k) = 2*k**3 + 40*k**2 + 51*k - 394. Give d(-18).
-16
Let h(x) = -24*x**3 - 1831*x**2 - 2321*x + 282. What is h(-75)?
-18
Let z(h) = 9260*h + 1324309. Give z(-143).
129
Let p(w) = -6*w**2 - 3231*w + 36271. What is p(11)?
4
Let m(i) = i**3 - 2068*i**2 - 6210*i + 26. What is m(-3)?
17
Let p(l) = l**3 - 35*l**2 + 6503*l - 143213. Give p(23).
8
Let p(l) = l**3 - 36*l**2 + 17*l - 64. Calculate p(36).
548
Let i(q) = -q**3 - 214*q**2 + 3197*q + 46. What is i(14)?
116
Let v(q) = 285*q**2 - 16812*q - 78. What is v(59)?
99
Let c(u) = 14*u**2 + 199*u - 7969. Give c(-32).
-1
Let s(q) = -10*q**3 + 76*q**2 + 33*q - 109. What is s(1)?
-10
Let y(f) = -9070*f + 544184. Give y(60).
-16
Let q(b) = -531657*b - 4253259. Determine q(-8).
-3
Let g(z) = 212*z**2 + 33*z + 1. Determine g(1).
246
Let i(d) = -d**3 - 354*d**2 - 1040*d + 4511. Calculate i(-351).
-52
Let t(j) = -4*j**3 + 92*j**2 - 719*j + 1357. Give t(4).
-303
Let b(t) = -4179*t - 4148. Determine b(-1).
31
Let x(z) = z**2 + 296*z - 23036. Determine x(64).
4
Let g(z) = z**3 - 115*z**2 + 349*z - 1454. Calculate g(112).
2
Let a(f) = 4*f**3 + 1319*f**2 + 2312*f + 5243. Calculate a(-328).
-5
Let m(o) = -13865*o - 2121353. Determine m(-153).
-8
Let o(f) = -22*f + 1421. What is o(74)?
-207
Let p(c) = -449894*c + 25194070. Give p(56).
6
Let g(f) = -4916*f - 29395. Calculate g(-6).
101
Let a(x) = -25381*x - 4669972. Calculate a(-184).
132
Let z(w) = -w**3 + 137*w**2 + 341*w - 64928. Calculate z(136).
-56
Let p(y) = 186